{"id":1524,"date":"2020-11-16T03:07:40","date_gmt":"2020-11-16T08:07:40","guid":{"rendered":"https:\/\/www2.pasoc.pe\/?page_id=1524"},"modified":"2022-05-24T14:27:20","modified_gmt":"2022-05-24T19:27:20","slug":"nuestras-certificaciones","status":"publish","type":"page","link":"https:\/\/www2.pasoc.pe\/index.php\/nuestras-certificaciones\/","title":{"rendered":"Nuestras Certificaciones"},"content":{"rendered":"<p>[vc_row][vc_column][vc_column_text]<\/p>\r\n<div class=\"wp-block-image\">\r\n<figure class=\"aligncenter is-resized\"><a href=\"https:\/\/www2.pasoc.pe\/wp-content\/uploads\/2020\/11\/CERTIFICADO-ISO-9001_2015-PALACIOS-ASOCIADOS-R02.pdf\"><img loading=\"lazy\" class=\"wp-image-1482\" src=\"https:\/\/www2.pasoc.pe\/wp-content\/uploads\/2020\/11\/pdf-download.png\" alt=\"\" width=\"132\" height=\"132\" srcset=\"https:\/\/www2.pasoc.pe\/wp-content\/uploads\/2020\/11\/pdf-download.png 200w, https:\/\/www2.pasoc.pe\/wp-content\/uploads\/2020\/11\/pdf-download-150x150.png 150w, https:\/\/www2.pasoc.pe\/wp-content\/uploads\/2020\/11\/pdf-download-90x90.png 90w\" sizes=\"(max-width: 132px) 100vw, 132px\" \/><\/a><\/figure>\r\n<\/div>\r\n\r\n<p>&nbsp;<\/p>\r\n\r\n<div class=\"wp-block-image\">\u00a0<\/div>\r\n\r\n<p>&nbsp;<\/p>\r\n\r\n<p class=\"has-text-align-center\"><strong><span class=\"has-inline-color\" style=\"color: #016d9b;\">Descargar Aqu\u00ed<\/span><\/strong><\/p>\r\n\r\n<p>&nbsp;<\/p>\r\n\r\n<div class=\"wp-block-pdfjsblock-pdfjs-embed pdfjs-wrapper\"><\/div>\r\n\r\n<p>&nbsp;<\/p>\r\n\r\n<div class=\"wp-block-image\">\r\n<figure class=\"aligncenter size-large is-resized\"><a href=\"https:\/\/www2.pasoc.pe\/wp-content\/uploads\/2022\/05\/PALACIOS_-ASOCIADOS-AGENTES-DE-ADUANA-S.A.-00052-1-19.pdf\" download=\"basc-palacios\"><img loading=\"lazy\" class=\"alignnone wp-image-1482\" src=\"https:\/\/www2.pasoc.pe\/wp-content\/uploads\/2020\/11\/pdf-download.png\" alt=\"\" width=\"115\" height=\"115\" srcset=\"https:\/\/www2.pasoc.pe\/wp-content\/uploads\/2020\/11\/pdf-download.png 200w, https:\/\/www2.pasoc.pe\/wp-content\/uploads\/2020\/11\/pdf-download-150x150.png 150w, https:\/\/www2.pasoc.pe\/wp-content\/uploads\/2020\/11\/pdf-download-90x90.png 90w\" sizes=\"(max-width: 115px) 100vw, 115px\" \/><\/a><\/figure>\r\n<\/div>\r\n\r\n<p>&nbsp;<\/p>\r\n\r\n<p class=\"has-text-align-center\"><strong><span class=\"has-inline-color\" style=\"color: #0071a1;\">Descargar Aqu\u00ed<\/span><\/strong><\/p>\r\n\r\n<p>&nbsp;<\/p>\r\n\r\n<div class=\"wp-block-image\">\r\n<figure class=\"aligncenter size-large is-resized\"><img loading=\"lazy\" class=\"alignnone wp-image-2414 size-full\" src=\"https:\/\/www2.pasoc.pe\/wp-content\/uploads\/2022\/05\/palacios_basc_2022.png\" alt=\"\" width=\"453\" height=\"593\" srcset=\"https:\/\/www2.pasoc.pe\/wp-content\/uploads\/2022\/05\/palacios_basc_2022.png 453w, https:\/\/www2.pasoc.pe\/wp-content\/uploads\/2022\/05\/palacios_basc_2022-229x300.png 229w, https:\/\/www2.pasoc.pe\/wp-content\/uploads\/2022\/05\/palacios_basc_2022-370x484.png 370w\" sizes=\"(max-width: 453px) 100vw, 453px\" \/><\/figure>\r\n<\/div>\r\n\r\n<p>&nbsp;<\/p>\r\n\r\n<div class=\"wp-block-image\">\r\n<figure class=\"aligncenter size-large is-resized\"><img loading=\"lazy\" class=\"wp-image-1482\" src=\"https:\/\/www2.pasoc.pe\/wp-content\/uploads\/2020\/11\/pdf-download.png\" alt=\"\" width=\"117\" height=\"117\" srcset=\"https:\/\/www2.pasoc.pe\/wp-content\/uploads\/2020\/11\/pdf-download.png 200w, https:\/\/www2.pasoc.pe\/wp-content\/uploads\/2020\/11\/pdf-download-150x150.png 150w, https:\/\/www2.pasoc.pe\/wp-content\/uploads\/2020\/11\/pdf-download-90x90.png 90w\" sizes=\"(max-width: 117px) 100vw, 117px\" \/><\/figure>\r\n<\/div>\r\n\r\n<p>&nbsp;<\/p>\r\n\r\n<p class=\"has-text-align-center\"><strong><span class=\"has-inline-color\" style=\"color: #0075a7;\">Descargar Aqu\u00ed<\/span><\/strong><\/p>\r\n\r\n<p>&nbsp;<\/p>\r\n\r\n<div class=\"wp-block-image\">\r\n<figure class=\"aligncenter size-large is-resized\"><img loading=\"lazy\" class=\"wp-image-1528\" src=\"https:\/\/www2.pasoc.pe\/wp-content\/uploads\/2020\/11\/CertificadoOEA.png\" alt=\"\" width=\"409\" height=\"577\" srcset=\"https:\/\/www2.pasoc.pe\/wp-content\/uploads\/2020\/11\/CertificadoOEA.png 323w, https:\/\/www2.pasoc.pe\/wp-content\/uploads\/2020\/11\/CertificadoOEA-213x300.png 213w\" sizes=\"(max-width: 409px) 100vw, 409px\" \/><\/figure>\r\n<\/div>\r\n<p><a href=\"https:\/\/www2.pasoc.pe\/wp-content\/uploads\/2022\/05\/TRANSPORTES-SAN-GABRIEL-S.A.C.-00243-1-16.pdf\"><img loading=\"lazy\" class=\"wp-image-1482 size-thumbnail aligncenter\" src=\"https:\/\/www2.pasoc.pe\/wp-content\/uploads\/2020\/11\/pdf-download-150x150.png\" alt=\"\" width=\"150\" height=\"150\" srcset=\"https:\/\/www2.pasoc.pe\/wp-content\/uploads\/2020\/11\/pdf-download-150x150.png 150w, https:\/\/www2.pasoc.pe\/wp-content\/uploads\/2020\/11\/pdf-download-90x90.png 90w, https:\/\/www2.pasoc.pe\/wp-content\/uploads\/2020\/11\/pdf-download.png 200w\" sizes=\"(max-width: 150px) 100vw, 150px\" \/><\/a><\/p>\r\n<p>&nbsp;<\/p>\r\n<p><strong><span class=\"has-inline-color\">\u00a0\u00a0\u00a0\u00a0\u00a0\u00a0\u00a0\u00a0\u00a0\u00a0\u00a0\u00a0\u00a0\u00a0\u00a0\u00a0\u00a0\u00a0\u00a0\u00a0\u00a0\u00a0\u00a0\u00a0\u00a0\u00a0\u00a0\u00a0\u00a0\u00a0\u00a0\u00a0\u00a0\u00a0\u00a0\u00a0\u00a0\u00a0\u00a0\u00a0\u00a0\u00a0\u00a0\u00a0\u00a0\u00a0\u00a0\u00a0\u00a0\u00a0\u00a0\u00a0\u00a0\u00a0\u00a0\u00a0\u00a0\u00a0\u00a0\u00a0\u00a0\u00a0\u00a0\u00a0\u00a0\u00a0\u00a0\u00a0\u00a0\u00a0\u00a0\u00a0\u00a0\u00a0\u00a0\u00a0\u00a0\u00a0\u00a0\u00a0\u00a0\u00a0\u00a0\u00a0\u00a0\u00a0\u00a0\u00a0\u00a0\u00a0\u00a0\u00a0\u00a0\u00a0\u00a0\u00a0\u00a0\u00a0\u00a0\u00a0\u00a0\u00a0\u00a0\u00a0\u00a0\u00a0\u00a0\u00a0\u00a0\u00a0\u00a0\u00a0\u00a0\u00a0\u00a0\u00a0\u00a0\u00a0\u00a0\u00a0\u00a0\u00a0\u00a0\u00a0\u00a0\u00a0\u00a0\u00a0\u00a0\u00a0\u00a0 Descargar Aqu\u00ed<\/span><\/strong><\/p>\r\n<p>&nbsp;<\/p>\r\n<p><img loading=\"lazy\" class=\"wp-image-2415 size-full aligncenter\" src=\"https:\/\/www2.pasoc.pe\/wp-content\/uploads\/2022\/05\/san_gabriel_basc_2022.png\" alt=\"\" width=\"453\" height=\"592\" srcset=\"https:\/\/www2.pasoc.pe\/wp-content\/uploads\/2022\/05\/san_gabriel_basc_2022.png 453w, https:\/\/www2.pasoc.pe\/wp-content\/uploads\/2022\/05\/san_gabriel_basc_2022-230x300.png 230w, https:\/\/www2.pasoc.pe\/wp-content\/uploads\/2022\/05\/san_gabriel_basc_2022-370x484.png 370w\" sizes=\"(max-width: 453px) 100vw, 453px\" \/><\/p>\r\n<p>[\/vc_column_text][\/vc_column][\/vc_row]<\/p>","protected":false},"excerpt":{"rendered":"<p>[vc_row][vc_column][vc_column_text] &nbsp; \u00a0 &nbsp; Descargar Aqu\u00ed &nbsp; &nbsp; &nbsp; Descargar Aqu\u00ed &nbsp; &nbsp; &nbsp; Descargar Aqu\u00ed &nbsp; &nbsp; \u00a0\u00a0\u00a0\u00a0\u00a0\u00a0\u00a0\u00a0\u00a0\u00a0\u00a0\u00a0\u00a0\u00a0\u00a0\u00a0\u00a0\u00a0\u00a0\u00a0\u00a0\u00a0\u00a0\u00a0\u00a0\u00a0\u00a0\u00a0\u00a0\u00a0\u00a0\u00a0\u00a0\u00a0\u00a0\u00a0\u00a0\u00a0\u00a0\u00a0\u00a0\u00a0\u00a0\u00a0\u00a0\u00a0\u00a0\u00a0\u00a0\u00a0\u00a0\u00a0\u00a0\u00a0\u00a0\u00a0\u00a0\u00a0\u00a0\u00a0\u00a0\u00a0\u00a0\u00a0\u00a0\u00a0\u00a0\u00a0\u00a0\u00a0\u00a0\u00a0\u00a0\u00a0\u00a0\u00a0\u00a0\u00a0\u00a0\u00a0\u00a0\u00a0\u00a0\u00a0\u00a0\u00a0\u00a0\u00a0\u00a0\u00a0\u00a0\u00a0\u00a0\u00a0\u00a0\u00a0\u00a0\u00a0\u00a0\u00a0\u00a0\u00a0\u00a0\u00a0\u00a0\u00a0\u00a0\u00a0\u00a0\u00a0\u00a0\u00a0\u00a0\u00a0\u00a0\u00a0\u00a0\u00a0\u00a0\u00a0\u00a0\u00a0\u00a0\u00a0\u00a0\u00a0\u00a0\u00a0\u00a0\u00a0\u00a0 Descargar Aqu\u00ed &nbsp; [\/vc_column_text][\/vc_column][\/vc_row]<\/p>\n","protected":false},"author":1,"featured_media":0,"parent":0,"menu_order":0,"comment_status":"closed","ping_status":"closed","template":"","meta":[],"_links":{"self":[{"href":"https:\/\/www2.pasoc.pe\/index.php\/wp-json\/wp\/v2\/pages\/1524"}],"collection":[{"href":"https:\/\/www2.pasoc.pe\/index.php\/wp-json\/wp\/v2\/pages"}],"about":[{"href":"https:\/\/www2.pasoc.pe\/index.php\/wp-json\/wp\/v2\/types\/page"}],"author":[{"embeddable":true,"href":"https:\/\/www2.pasoc.pe\/index.php\/wp-json\/wp\/v2\/users\/1"}],"replies":[{"embeddable":true,"href":"https:\/\/www2.pasoc.pe\/index.php\/wp-json\/wp\/v2\/comments?post=1524"}],"version-history":[{"count":15,"href":"https:\/\/www2.pasoc.pe\/index.php\/wp-json\/wp\/v2\/pages\/1524\/revisions"}],"predecessor-version":[{"id":2424,"href":"https:\/\/www2.pasoc.pe\/index.php\/wp-json\/wp\/v2\/pages\/1524\/revisions\/2424"}],"wp:attachment":[{"href":"https:\/\/www2.pasoc.pe\/index.php\/wp-json\/wp\/v2\/media?parent=1524"}],"curies":[{"name":"wp","href":"https:\/\/api.w.org\/{rel}","templated":true}]}}